{"id":3428,"date":"2021-04-10T12:54:10","date_gmt":"2021-04-10T12:54:10","guid":{"rendered":"https:\/\/sealakeboats.com\/albania\/?page_id=3428"},"modified":"2025-10-25T16:37:04","modified_gmt":"2025-10-25T16:37:04","slug":"kontakt","status":"publish","type":"page","link":"https:\/\/sealakeboats-al.com\/albania\/sq\/kontakt\/","title":{"rendered":"Kontakt"},"content":{"rendered":"\t\t<div data-elementor-type=\"wp-post\" data-elementor-id=\"3428\" class=\"elementor elementor-3428\" data-elementor-settings=\"[]\">\n\t\t\t<div class=\"elementor-inner\">\n\t\t\t\t<div class=\"elementor-section-wrap\">\n\t\t\t\t\t\t\t<section class=\"elementor-element elementor-element-153e22d elementor-section-boxed elementor-section-height-default elementor-section-height-default elementor-section elementor-top-section\" data-id=\"153e22d\" data-element_type=\"section\">\n\t\t\t\t\t\t<div class=\"elementor-container elementor-column-gap-extended\">\n\t\t\t\t<div class=\"elementor-row\">\n\t\t\t\t<div class=\"elementor-element elementor-element-c6d6fae sc_inner_width_none sc_content_align_inherit sc_layouts_column_icons_position_left elementor-column elementor-col-16 elementor-top-column\" data-id=\"c6d6fae\" data-element_type=\"column\">\n\t\t\t<div class=\"elementor-column-wrap\">\n\t\t\t\t\t<div class=\"elementor-widget-wrap\">\n\t\t\t\t\t\t<\/div>\n\t\t\t<\/div>\n\t\t<\/div>\n\t\t\t\t<div class=\"elementor-element elementor-element-2c2b435 sc_inner_width_none sc_content_align_inherit sc_layouts_column_icons_position_left elementor-column elementor-col-66 elementor-top-column\" data-id=\"2c2b435\" data-element_type=\"column\">\n\t\t\t<div class=\"elementor-column-wrap  elementor-element-populated\">\n\t\t\t\t\t<div class=\"elementor-widget-wrap\">\n\t\t\t\t<div class=\"elementor-element elementor-element-b20971e sc_fly_static elementor-widget elementor-widget-trx_sc_title\" data-id=\"b20971e\" data-element_type=\"widget\" data-widget_type=\"trx_sc_title.default\">\n\t\t\t\t<div class=\"elementor-widget-container\">\n\t\t\t<div id=\"trx_sc_title_1761957599\"\n\t\tclass=\"sc_title sc_title_default\"><span class=\"sc_item_subtitle sc_title_subtitle sc_align_center sc_item_subtitle_above sc_item_title_style_default\">Email<\/span><h2 class=\"sc_item_title sc_title_title sc_align_center sc_item_title_style_default\"><span class=\"sc_item_title_text\">Na d\u00ebrgoni mesazh<\/span><\/h2><div class=\"sc_item_descr sc_title_descr sc_align_center\"><p>Some description text for this item<\/p>\n<\/div><\/div><!-- \/.sc_title -->\t\t<\/div>\n\t\t\t\t<\/div>\n\t\t\t\t<div class=\"elementor-element elementor-element-8c3bbfd sc_fly_static elementor-widget elementor-widget-spacer\" data-id=\"8c3bbfd\" data-element_type=\"widget\" data-widget_type=\"spacer.default\">\n\t\t\t\t<div class=\"elementor-widget-container\">\n\t\t\t\t\t<div class=\"elementor-spacer\">\n\t\t\t<div class=\"elementor-spacer-inner\"><\/div>\n\t\t<\/div>\n\t\t\t\t<\/div>\n\t\t\t\t<\/div>\n\t\t\t\t<div class=\"elementor-element elementor-element-c9386a7 sc_fly_static elementor-widget elementor-widget-shortcode\" data-id=\"c9386a7\" data-element_type=\"widget\" data-widget_type=\"shortcode.default\">\n\t\t\t\t<div class=\"elementor-widget-container\">\n\t\t\t\t\t<div class=\"elementor-shortcode\"><div role=\"form\" class=\"wpcf7\" id=\"wpcf7-f3437-o1\" lang=\"en-US\" dir=\"ltr\">\n<div class=\"screen-reader-response\"><p role=\"status\" aria-live=\"polite\" aria-atomic=\"true\"><\/p> <ul><\/ul><\/div>\n<form action=\"\/albania\/wp-json\/wp\/v2\/pages\/3428#wpcf7-f3437-o1\" method=\"post\" class=\"wpcf7-form init\" novalidate=\"novalidate\" data-status=\"init\">\n<div style=\"display: none;\">\n<input type=\"hidden\" name=\"_wpcf7\" value=\"3437\" \/>\n<input type=\"hidden\" name=\"_wpcf7_version\" value=\"5.4\" \/>\n<input type=\"hidden\" name=\"_wpcf7_locale\" value=\"en_US\" \/>\n<input type=\"hidden\" name=\"_wpcf7_unit_tag\" value=\"wpcf7-f3437-o1\" \/>\n<input type=\"hidden\" name=\"_wpcf7_container_post\" value=\"0\" \/>\n<input type=\"hidden\" name=\"_wpcf7_posted_data_hash\" value=\"\" \/>\n<input type=\"hidden\" name=\"_wpcf7_recaptcha_response\" value=\"\" \/>\n<\/div>\n<div class=\"elementor-column-gap-extended\">\n<div class=\"elementor-row\">\n<div class=\"elementor-column elementor-col-50\">\n<div class=\"elementor-column-wrap elementor-element-populated\">\n    <span class=\"wpcf7-form-control-wrap your-name\"><input type=\"text\" name=\"your-name\" value=\"\" size=\"40\" class=\"wpcf7-form-control wpcf7-text wpcf7-validates-as-required\" aria-required=\"true\" aria-invalid=\"false\" placeholder=\"Emri juaj\" \/><\/span>\n <\/div>\n<\/div>\n<div class=\"elementor-column elementor-col-50\">\n<div class=\"elementor-column-wrap elementor-element-populated\">\n    <span class=\"wpcf7-form-control-wrap your-email\"><input type=\"email\" name=\"your-email\" value=\"\" size=\"40\" class=\"wpcf7-form-control wpcf7-text wpcf7-email wpcf7-validates-as-required wpcf7-validates-as-email\" aria-required=\"true\" aria-invalid=\"false\" placeholder=\"Emaili juaj\" \/><\/span>\n<\/div>\n<\/div>\n<div class=\"elementor-column elementor-col-50\">\n<div class=\"elementor-column-wrap elementor-element-populated\">\n    <span class=\"wpcf7-form-control-wrap your-phone\"><input type=\"number\" name=\"your-phone\" value=\"\" class=\"wpcf7-form-control wpcf7-number wpcf7-validates-as-required wpcf7-validates-as-number\" aria-required=\"true\" aria-invalid=\"false\" placeholder=\"Telefoni juaj\" \/><\/span>\n<\/div>\n<\/div>\n<\/div>\n<\/div>\n<div class=\"elementor-column-gap-extended\">\n<div class=\"elementor-row\">\n<div class=\"elementor-column elementor-col-100\">\n<div class=\"elementor-column-wrap elementor-element-populated\">\n    <span class=\"wpcf7-form-control-wrap your-message\"><textarea name=\"your-message\" cols=\"40\" rows=\"10\" class=\"wpcf7-form-control wpcf7-textarea\" aria-invalid=\"false\" placeholder=\"Gati p\u00ebr aventur\u00eb?\"><\/textarea><\/span>\n<\/div>\n<\/div>\n<\/div>\n<\/div>\n<div class=\"elementor-column-gap-extended\">\n<div class=\"elementor-row\">\n<div class=\"elementor-column elementor-col-60\">\n<div class=\"elementor-column-wrap elementor-element-populated\">\n<div class=\"text-left\"> <span class=\"wpcf7-form-control-wrap wpgdprc\"><span class=\"wpcf7-form-control wpcf7-validates-as-required wpcf7-wpgdprc\"><span class=\"wpcf7-list-item\"><input type=\"checkbox\" name=\"wpgdprc\" value=\"1\" aria-required=\"true\" aria-invalid=\"false\" \/><span class=\"wpcf7-list-item-label\">Duke p\u00ebrdorur k\u00ebt\u00eb form\u00eb, ju pranoni ruajtjen dhe trajtimin e t\u00eb dh\u00ebnave tuaja nga kjo faqe n\u00eb internet.<\/span><\/span><\/span><\/span>\n<\/div>\n<\/div>\n<\/div>\n<div class=\"elementor-column elementor-col-40\">\n<div class=\"elementor-column-wrap elementor-element-populated text-right\">\n<input type=\"submit\" value=\"D\u00ebrgoje\" class=\"wpcf7-form-control wpcf7-submit\" \/>\n<\/div>\n<\/div>\n<\/div>\n<\/div>\n<div class=\"wpcf7-response-output\" aria-hidden=\"true\"><\/div><\/form><\/div><\/div>\n\t\t\t\t<\/div>\n\t\t\t\t<\/div>\n\t\t\t\t\t\t<\/div>\n\t\t\t<\/div>\n\t\t<\/div>\n\t\t\t\t<div class=\"elementor-element elementor-element-50b53f7 sc_inner_width_none sc_content_align_inherit sc_layouts_column_icons_position_left elementor-column elementor-col-16 elementor-top-column\" data-id=\"50b53f7\" data-element_type=\"column\">\n\t\t\t<div class=\"elementor-column-wrap\">\n\t\t\t\t\t<div class=\"elementor-widget-wrap\">\n\t\t\t\t\t\t<\/div>\n\t\t\t<\/div>\n\t\t<\/div>\n\t\t\t\t\t\t<\/div>\n\t\t\t<\/div>\n\t\t<\/section>\n\t\t\t\t\t\t<\/div>\n\t\t\t<\/div>\n\t\t<\/div>\n\t\t","protected":false},"excerpt":{"rendered":"<p>Email Na d\u00ebrgoni mesazh Some description text for this item<\/p>\n","protected":false},"author":1,"featured_media":0,"parent":0,"menu_order":0,"comment_status":"closed","ping_status":"closed","template":"","meta":[],"_links":{"self":[{"href":"https:\/\/sealakeboats-al.com\/albania\/wp-json\/wp\/v2\/pages\/3428"}],"collection":[{"href":"https:\/\/sealakeboats-al.com\/albania\/wp-json\/wp\/v2\/pages"}],"about":[{"href":"https:\/\/sealakeboats-al.com\/albania\/wp-json\/wp\/v2\/types\/page"}],"author":[{"embeddable":true,"href":"https:\/\/sealakeboats-al.com\/albania\/wp-json\/wp\/v2\/users\/1"}],"replies":[{"embeddable":true,"href":"https:\/\/sealakeboats-al.com\/albania\/wp-json\/wp\/v2\/comments?post=3428"}],"version-history":[{"count":13,"href":"https:\/\/sealakeboats-al.com\/albania\/wp-json\/wp\/v2\/pages\/3428\/revisions"}],"predecessor-version":[{"id":4896,"href":"https:\/\/sealakeboats-al.com\/albania\/wp-json\/wp\/v2\/pages\/3428\/revisions\/4896"}],"wp:attachment":[{"href":"https:\/\/sealakeboats-al.com\/albania\/wp-json\/wp\/v2\/media?parent=3428"}],"curies":[{"name":"wp","href":"https:\/\/api.w.org\/{rel}","templated":true}]}}